8/4*(-372)/g. Suppose -n = 4*j - 5*j. What is the units digit of j?
3
Let f be 7 - 74/8 - 3/4. What is the tens digit of 4/3 + f + 2456/12?
0
Let h(l) = l**3 - 6*l**2 + 11*l - 7. Let r be h(3). Let k be (-101)/r*(6 + -4 + -1). Suppose -i = 5*n - 124, -4*n + 2*i + k = i. What is the tens digit of n?
2
Suppose -4*j - 68 = -3*i, 11*i - 15*i - 5*j + 132 = 0. What is the hundreds digit of 1540 - (i/4 - 7)?
5
Suppose -70*k - 66*k + 78526 = -122*k. What is the hundreds digit of k?
6
Let n(l) be the second derivative of 69*l**3 + 17*l**2/2 + 127*l. What is the units digit of n(1)?
1
Let w = -582 + 587. Suppose w*y + 771 = o + 3*y, 5*y + 2312 = 3*o. What is the hundreds digit of o?
7
Let h be 0/(4*(-5)/(-10)). Suppose -3*s + 35 - 8 = h. Suppose 7*z = s*z - 222. What is the tens digit of z?
1
Let h(f) = 4*f**2 + 5*f + 7. Let y be h(-5). Suppose 7*s - y = 1724. Suppose 2*x - 3*i - 162 = 0, 3*x + 2*i - s = -i. What is the tens digit of x?
8
Suppose 10*k - 2358 = 8*k. Suppose 15*p + 12 = 12*p. What is the hundreds digit of (p/(-12))/(3/k)?
1
Let v be (-2)/(-12)*(10 - 4). What is the tens digit of 12/((-4)/v) - -214?
1
Let i(w) = -56903*w**3 - 3*w**2 - 9*w - 6. What is the hundreds digit of i(-1)?
9
Suppose 35 = -13*b + 20*b. Suppose -115 = -q + 5*s + 13, -b*s = 5. What is the hundreds digit of q?
1
Suppose -2*b = b - 30. Let s be 226/4 - (2 + -7)/b. Let d = 78 + s. What is the hundreds digit of d?
1
Let d be (8/(-10))/(2/10*1). Let v be (5 - d/(-1))/(1/(-381)). Let m = v + 684. What is the tens digit of m?
0
Let v = -105686 + 162311. What is the tens digit of v?
2
Let a = -4726 - -8496. What is the units digit of a?
0
Suppose -7*k = -3*v - 6*k + 6184, -3*v + 2*k = -6179. What is the hundreds digit of v?
0
Let r be 0*(((-114)/(-133))/((-8)/7))/(-3). Suppose 0*c = -5*c - 24510. What is the units digit of (c/(-57))/(r + (-4)/(-10))?
5
Let i be (-2)/10 - 2/(-10). Suppose -4*v + z = -2587, -z + 1118 = 5*v - 2127. Suppose -5*c + 4*u = -i*c - 810, 4*c + u = v. What is the hundreds digit of c?
1
Suppose 85*i + 1523107 - 7311097 = 0. What is the tens digit of i?
9
What is the thousands digit of 0 - (-131456)/(-16 + 24)?
6
Let g be ((-1973)/(-9))/(55/495). Suppose 4*h - g = 3*v, h - 97 - 410 = -2*v. What is the tens digit of h?
9
Suppose k - 441 + 77 = 0. Suppose 4*i + r = 487, i + 2*i + r - k = 0. Let q = 230 - i. What is the units digit of q?
7
Let h(w) = 11443*w**3 + 9*w**2 - 6*w. What is the ten thousands digit of h(1)?
1
Suppose -3*z = 2*z + 2*c - 61, -5*z - 5*c = -70. What is the tens digit of (-479*2/4)/(z/(-22))?
7
Suppose 8*a + 2305 - 6457 = 0. Suppose 1564 = 5*b + a. What is the tens digit of b?
0
Let v = 53438 - 36555. What is the ten thousands digit of v?
1
Let d(y) = 125*y + 98. Let r be ((-3)/1)/((-26)/(-8) - 4). What is the units digit of d(r)?
8
Let u = -581 + 578. Let t(k) = 5 - k - 17*k + 0. What is the units digit of t(u)?
9
What is the tens digit of (-164)/410 + 5/(125/191660)?
6
Suppose -2*i + 54904 = 9*a, -3*i + 31*a = 33*a - 82333. What is the tens digit of i?
4
Let c = 103 + -101. Let d(t) = -4 + 3*t**c - 2*t**2 + 3*t - 13 - t. What is the hundreds digit of d(13)?
1
What is the thousands digit of 2*(-945)/(-20)*(-8 + (-568)/(-14))?
3
Let v = 24 + -18. Suppose 0 = 6*c - v. What is the units digit of -139*c*2/(6/(-3))?
9
Let s = -9 - -6. Let l be ((-42)/(-9))/(s/1134). What is the units digit of (1 - (-20)/(-6))/(28/l)?
7
What is the units digit of 18 + 16 + -20 - -23981?
5
Let j(p) = 4*p**2 - 24*p - 61. Let t be j(18). Suppose 0 = 16*i - 10595 + t. What is the tens digit of i?
1
Let r(s) = s**2 + 2*s + 3. Suppose -5*a - 35 = -5*g, -a = -7*g + 8*g + 1. Let n be r(g). Suppose 0 = -15*u + n*u - 267. What is the tens digit of u?
8
Let k(t) = 33 + 29*t - 67 + 60. Let o be k(-6). Let c = o + 262. What is the hundreds digit of c?
1
Let u = 137 - 286. Let n = u - -209. What is the units digit of 5448/n - (-2)/10?
1
Let q = 151125 + -87660. What is the hundreds digit of q?
4
Let g be (-3 - -3)*(-3)/(-6). Suppose -4*w + 532 = -g*w. Suppose -3*q + w = 2*r, q + 5*r + 95 = 3*q. What is the units digit of q?
5
Let c(i) be the second derivative of -i**3/6 - 32*i. Let q be c(-2). What is the tens digit of 0 - (-23 + q - 4)?
2
What is the thousands digit of 2*839*56/16 - 0/2?
5
Let h(j) = 5*j**2 + 4*j + 67. Let x be h(23). Let g = -1095 + x. What is the tens digit of g?
0
Let p be 45 + (3 + -3 - -3). Suppose -p*g = -42*g. Suppose -k + 55 + 110 = g. What is the tens digit of k?
6
Suppose 0 = 2*k - f - 12, 2*k + 5 = -5*f - 7. Suppose 4*n = -b + 17, k*n + 2 = 4*b - 6. Suppose 0 = b*v - 279 - 276. What is the tens digit of v?
1
Suppose -g = 24*g - 975. Suppose 42*n - 33 = g*n. What is the units digit of n?
1
Let g(k) = 3*k**3 - 4*k**2 - k - 8. Let x(m) = -m**3 + m**2 - m + 1. Let s(c) = g(c) + 4*x(c). Let h be s(5). Let l = h + 300. What is the hundreds digit of l?
1
What is the thousands digit of (-1 + -1)/((-1)/1693)?
3
What is the hundreds digit of 9 - (18/(-27) - 33860/6)?
6
Let i = -25304 - -46480. What is the ten thousands digit of i?
2
Let d(k) = k**3 + 5*k**2 - 11*k - 28. Let o be d(-6). Let s(g) = -2*g**2 - g**2 + 3*g**o + g**2 - g - 22. What is the units digit of s(18)?
4
Let m = 733 - 730. Suppose -9*i + 1764 = -m*i. What is the units digit of i?
4
What is the units digit of 1/3 + 82/(-6)*-2239?
0
Let c be (-3 - -3) + (-5 - -15). What is the tens digit of c/1*(10 - -31)?
1
Suppose -k + 2*g = 5, -10 + 23 = k + 4*g. What is the units digit of (-1 - 1)/(k - (-1900)/(-1892))?
3
Let a(h) = 0*h**2 + 5*h**2 - 33*h + 3*h**2 - 7*h**2 - 108 + 12. What is the tens digit of a(50)?
5
Suppose -20*r - 3*m - 86 = -16*r, m = 4*r + 94. What is the hundreds digit of (-24)/15*r*10?
3
Let z(j) = 2*j + 100. Let d(c) = -c + 6. Let f be d(5). Let b(l) = l**3 - 2*l**2 + 2*l - 1. Let r be b(f). What is the tens digit of z(r)?
0
Suppose 19*d - 3*d = -0*d + 167248. What is the tens digit of d?
5
Suppose -63*z - 149689 = -585586. What is the hundreds digit of z?
9
Suppose -10102 = -y - 13*m + 7*m, -50246 = -5*y + 3*m. What is the ten thousands digit of y?
1
Suppose -l - 8*z + 20 = -3*z, 0 = 3*l - 3*z - 6. Suppose -l = 5*i - 15. Suppose 4*k - i*d - 204 = 0, -5*d = 5*k - k - 218. What is the units digit of k?
2
Suppose -6*o = -26*o + 40. Let s(a) = 28*a - 5. Let f(z) = 28*z - 6. Let u(k) = -3*f(k) + 4*s(k). What is the units digit of u(o)?
4
Let i(w) = 7*w**3 + 26*w**2 - 9*w + 1. Let k(v) = 15*v**3 + 54*v**2 - 19*v + 3. Let j(o) = 13*i(o) - 6*k(o). What is the units digit of j(-6)?
1
Suppose a + 3*a - 17 = 5*h, 0 = 3*a - 5*h - 14. Let w be ((-2)/(-5))/(a/1410). Suppose -2*b - 4*j = -64, 5*b = -4*j + j + w. What is the tens digit of b?
4
Let u(i) = 351*i - 941. What is the units digit of u(19)?
8
Suppose -60*v + 258958 = -52622. What is the hundreds digit of v?
1
Let c = 19 - 17. Let w(n) = -4*n + 10. Let a be w(c). What is the units digit of ((-72)/(-45))/(a/60) - -3?
1
Let s be ((-20137)/(-39))/(3/18). Suppose 16*h - s = 5350. What is the tens digit of h?
2
Let u(d) = 2*d**3 - 11*d**2 + 29*d + 197. What is the hundreds digit of u(13)?
1
Let f(n) = 3*n**3 + 16*n**2 + 15*n - 138. What is the thousands digit of f(15)?
3
Suppose -g - v + 557 = 0, -2*g + 1138 = 10*v - 14*v. Suppose -c + g = -4*z, 0 = 2*c - 4*c - 3*z + 1122. What is the units digit of c?
1
Suppose 9410 = 31*u - 138. Suppose -2*g + u = -230. What is the tens digit of g?
6
Suppose 2*c - 470 = -5*q, 5*q - 104 + 834 = 3*c. Let t = -157 + c. Suppose 5*d = -33 + t. What is the tens digit of d?
1
Suppose -62*i = -69*i - 91. Let k(s) be the third derivative of -13*s**4/24 - 19*s**3/6 - s**2. What is the units digit of k(i)?
0
Let s(w) = 12833*w**2 - 11*w + 3. What is the hundreds digit of s(1)?
8
Let d(t) be the first derivative of 731*t**3/3 - 7*t**2/2 + 7*t - 230. What is the hundreds digit of d(1)?
7
Let q = 33 + -27. Let c be 6/(-36) - (-25)/q. Suppose 2*u - 4*u = 4*s - 190, -c*s - u = -189. What is the tens digit of s?
4
Suppose -43*r - 15360827 + 4949762 = -178*r. What is the hundreds digit of r?
1
Let c = -318 - -324. Suppose -1 = -k - c, -5*u - 3*k + 1705 = 0. What is the units digit of u?
4
Suppose 55711 = 4*l - 45121. What is the ten thousands digit of l?
2
Suppose -7084260 = -118*r - 61*r - r. What is the ten thou